Is u a prime number?
False
Let h = -438 - -186. Suppose -54*j - 21502 - 2420 = 0. Let i = h - j. Is i a composite number?
False
Let r(g) = g**3 - 2*g**2 + 975. Let b be r(0). Let z = b - -956. Is z composite?
False
Suppose -85*i + 81*i = 2*t - 2634760, 0 = 5*i - t - 3293471. Is i composite?
True
Suppose 5*r = -2*j + 16, -4 = r - 2*j - 0. Suppose 5*h - 2989 = -s, 5*s + r*h - 5*h = 15001. Is s a prime number?
True
Let m(i) = 2336*i - 4. Let s(n) = -n. Let v(x) = -m(x) - 3*s(x). Let t be v(-1). Suppose 3*k + t = 6*k. Is k a composite number?
True
Let k = 1144822 - 535471. Is k composite?
True
Let z(y) = -113*y**3 - 6*y**2 + 11*y + 43. Suppose -21 = 5*p + 2*n, 0 = 3*p - 2*n - 27 + 46. Is z(p) a composite number?
False
Let m(u) = 2*u**2 + 7*u + 2459. Let h be m(0). Let n(y) = -234*y + 3. Let o be n(-3). Suppose 2*i + o = h. Is i a prime number?
True
Suppose -2*o + 11560 = -l, -11*o + 28900 = -6*o + 4*l. Suppose -36584 + o = -12*a. Is a prime?
False
Let n = -8615 + 22814. Suppose 9384 = 3*g - n. Is g prime?
False
Suppose 0 = -8*m + 4*m + 2*r + 184, 0 = m - 2*r - 43. Let n = -42 + m. Suppose 4*l - n*l = -449. Is l composite?
False
Suppose -6*v - 492078 - 2892 = 0. Is (-4*(-6)/24)/((-5)/v) a prime number?
False
Let d(p) = 28 + 26 - 2950*p + 28 - 71. Is d(-3) composite?
False
Suppose 2*j + 3*j = -2*w + 1099045, 0 = -2*j + w + 439618. Is j a composite number?
False
Let b be (-3390)/(-6) + -2 + 3. Let k = b + 473. Is k a composite number?
False
Suppose m + 504 + 948 = 0. Is (-6)/21 + 61*m/(-28) a composite number?
False
Suppose -7*x + 5*q = -55926, 5*q - 1559 - 6459 = -x. Is x prime?
True
Suppose 0 = -5*f, -3*c + 2 + 16 = -f. Suppose 2744 = 3*d + c*k - 11*k, -4*d = 5*k - 3647. Is d a prime number?
False
Suppose 3*v - y - 463639 = -3*y, 463634 = 3*v + y. Is v a prime number?
True
Suppose -3*z - 3*p = -30897, 4*p = 4*z + 5*p - 41208. Suppose -4427 = -30*f + z. Is f composite?
False
Let g(o) = 1788*o**2 + 154*o + 1101. Is g(-8) a composite number?
True
Let u be 120/24*6/(-5). Is ((-97262)/132)/(1/u) a composite number?
False
Suppose -43*m + 40*m + k = -53637, 2*m - 35744 = 3*k. Is m a prime number?
True
Suppose 24*h - 47408 = 40*h. Let k = 13020 + h. Is k a composite number?
True
Suppose 0 = -8*q - 161499 - 89173. Let n = -18633 - q. Is n a composite number?
True
Let h = 110 - 100. Suppose h*b + 108 = 19*b. Let j(s) = s**3 + 9*s**2 - s + 29. Is j(b) a prime number?
True
Let b be 54/(-6) - (-6)/(-1). Is 1/((-12)/106182)*10/b prime?
False
Let i be ((-3)/(-5))/(-15 - (-814)/55). Let n(y) be the first derivative of -9*y**4/4 + 2*y**3/3 + 4*y**2 - 2*y - 5. Is n(i) composite?
True
Let b be ((-201)/5 - (-12)/(-15))*607. Let d = 37650 + b. Is d a prime number?
True
Suppose 3*o = -3*y - o - 196, 3*y = -5*o - 194. Let l = -380 - -461. Let k = y + l. Is k prime?
True
Suppose -41587 = -10*p - 2067. Let n = p + -1463. Suppose n = 5*t - 3*a, -t - 2*a - 495 = -2*t. Is t composite?
False
Suppose 4*i = b - 4223, 5*b = -5*i + 9*b - 5276. Let d = 1555 + i. Is d a composite number?
False
Let d(q) = q + 36. Let p be d(-34). Suppose -p*m - 21639 = -5*i, -13*m + 10*m - 4333 = -i. Is i prime?
True
Let h be ((-2)/2)/((-184)/36 - -5). Is (-2)/h + (-607903)/(-153) composite?
True
Suppose -2*i - 29*c + 108749 = -24*c, -2*i = 3*c - 108755. Is i a composite number?
True
Let h(c) = c**3 + c**2 - c. Let i(p) = 8*p**3 - 13*p**2 + 10*p - 15. Let u(s) = -6*h(s) + i(s). Is u(14) a composite number?
False
Suppose 0 = 2*t - 75*u + 76*u - 6864, -3*t - 4*u + 10291 = 0. Is t a composite number?
False
Let z = -633023 + 1141314. Is z a prime number?
False
Suppose 7*t - 5440297 = 5*g, 0 = -2*t - 4*g + 1384249 + 170165. Is t composite?
False
Let y(n) = -n**2 + 23*n - 20. Let i be y(18). Let j = 74 - i. Is 75 - (j - (4 + 2)) a composite number?
True
Suppose 0 = 9*y - 660 - 4983. Let n = y - -916. Is n prime?
True
Let m(c) = 8*c**2 + 43*c - 20. Let y be m(-6). Is ((-46)/y)/((-24936)/8310 + 3) a prime number?
False
Let p = -136 - -137. Is 4722 - ((-1)/2)/(p/(-2)) a composite number?
False
Is 6/39 - (-45336390)/286 composite?
False
Let n be 1399 - 4/(-4) - 3. Let u = n - -936. Is u a composite number?
False
Is ((-104)/12)/13 - 221633/(-3) composite?
False
Suppose -p - 12 = -44. Let k = 36 - p. Suppose 5*n - k*z - 127 = 264, 0 = 2*n - 2*z - 156. Is n a composite number?
False
Let z = 36209 + -24610. Is z prime?
False
Let y(b) = 13323*b + 8. Suppose 2*t - 23*t = -63. Is y(t) composite?
True
Suppose 12 = 721*n - 724*n. Is (-20)/30*(6030/n + -3) a prime number?
False
Let i(d) = 7225*d**3 + 2*d**2 + 11*d - 19. Is i(3) prime?
False
Is (-409312)/(-28) - (671/(-77) - -9) composite?
True
Let r = 221345 + -117750. Is r a composite number?
True
Let n(x) = -2*x**3 - 2*x**2 - 3*x + 2053. Let r(k) = k**3 + 18*k**2 + 34*k + 32. Let m be r(-16). Is n(m) prime?
True
Let p(f) = -9 + 13*f - 12*f + 13*f**2 - 5*f. Let i be p(5). Let y = i + 183. Is y prime?
True
Let z = 312 + -295. Suppose v + z*s - 19*s = 9037, 45167 = 5*v - 4*s. Is v a composite number?
True
Suppose 51 = u + 31. Suppose 16*t = -u*t + 9864. Is t composite?
True
Let r = -65950 + 819179. Is r composite?
False
Let t(u) = 1976*u - 1587. Is t(50) prime?
True
Let a = 7021 - 1704. Suppose 3*b = 2*v + a, -3*b + 7*v = 11*v - 5287. Is b a composite number?
True
Is ((-161314)/16)/((-88)/704) a prime number?
True
Suppose 3*n = m - 43, 42 = 2*m + 3*n + 2*n. Suppose 0 = 3*x - 7*x + 3*r + 14, -5*x + m = 3*r. Suppose -5*c - x = d, -56 = -4*d + 2*c + 12. Is d composite?
True
Suppose 4*u - g + 4*g = -13, g + 16 = -3*u. Let p(t) = -64*t - 75. Is p(u) composite?
False
Let u(o) = -12*o + 889. Suppose -2 = -0*z - 5*z - 2*f, f - 1 = 0. Is u(z) a prime number?
False
Let h = 2075486 - 936499. Is h a prime number?
True
Let h(k) be the third derivative of -211*k**6/120 + k**5/12 + k**4/6 + 5*k**3/6 - 34*k**2. Is h(-5) prime?
False
Suppose -4*m + 70 - 10 = 0. Suppose -m = -3*b - 3*o, -3*o = -b - 3*b - 1. Is (b + 1)*3340/30 a composite number?
True
Let k = 910 - 1075. Is (-10)/(-6) - 976360/k prime?
False
Let q = 123636 + -34447. Is q a composite number?
False
Let d(t) = t**3 + 12*t**2 + 19*t - 13. Let u be d(-10). Let a be (-1 - u) + 15 + -13. Suppose -a*j = -3*h - 4399, 4*h - 2094 - 2298 = -4*j. Is j composite?
True
Suppose 100*p = 104*p + 21276. Let h = p + 9112. Is h a prime number?
True
Suppose -20*o = -164*o + 5132934 + 950058. Is o a composite number?
True
Let s = -320598 - -1034195. Is s a composite number?
False
Suppose u = 4*a + 14, 5*a + 20 = -0. Let f = 16 + u. Is 3/(63/(-6)) + 48906/f a prime number?
False
Let p(r) = -4*r - 11 + 27*r - 10*r - 6*r + 291*r**2. Is p(3) a prime number?
False
Suppose -2*x - 5*k - 20 = -3*x, -2*x - k + 18 = 0. Suppose 18 = 4*u - x. Suppose 0 = 3*n + 4*j - 609, 2*j - u*j - 609 = -3*n. Is n prime?
False
Let q(u) = u**2 + 18*u - 83. Let j be q(-22). Let z(f) be the third derivative of 23*f**4/24 + 2*f**3 + 2*f**2. Is z(j) prime?
True
Let n(g) = 20909*g**2 - g - 11. Is n(1) a composite number?
False
Let d(v) be the third derivative of v**5/15 + v**4 - 5*v**3/6 - 2*v**2. Let g = 110 - 99. Is d(g) a prime number?
True
Suppose b - 5*m + 1 = -0*m, 5*b + 2*m = -32. Is (b - 80/(-15))/((-2)/16773) prime?
True
Suppose -2*n + 6 = 5*v - 8*v, -5*n = -5*v - 20. Let l = 362 - -1974. Suppose -v*m + l = 4*d - 1114, 2*d = 2*m - 3474. Is m a prime number?
True
Let g(s) = 13 + 8*s**2 + 0 + 12 + 17*s. Suppose -4*a + 2 = p, a = -24*p + 17*p - 40. Is g(p) prime?
True
Is (-24)/(-96) + (-369062)/(-8) composite?
False
Let c(g) = -2*g**3 - 3*g**2 + 6*g + 2. Let n(j) be the second derivative of j**3/2 + 27*j**2/2 + 17*j. Let s be n(-12). Is c(s) prime?
True
Let s(q) = -q**3 + 5*q**2 - 4*q + 2. Let t be s(4). Let o(d) = 0*d + d + d + 77*d**t + 2*d. Is o(-3) a prime number?
False
Suppose -3*m + 2 = 23. Is (6221530/(-34))/m + 6/51 a prime number?
True
Suppose 16*i + 38*i - 96920048 - 53554354 = 0. Is i prime?
False
Suppose -414*h = 2*b - 419*h - 1264724, 3*h - 6323564 = -10*b. Is b composite?
True
Suppose 3*f - 941 = 4*f - 2*q, 2*q + 1912 = -2*f. Suppose -245 = 2*h - 121. Let d = h - f. Is d composite?
True
Let x = 65471 - 43560. Is x prime?
True
Let q = -38 + 96. Let t = q + -57. Let c(x) = 160*x**2 + x. Is c(t) composite?
True
Let o = -6 + -24. Let r be 721/105 - 7 - 124/